 to base 12.
76725
Convert 1307525 (base 8) to base 4.
1120331111
What is -13664402 (base 7) in base 3?
-2102201002022
1700799 (base 10) to base 14
323b79
Convert -1a03a3 (base 13) to base 11.
-40a027
What is 402433 (base 6) in base 14?
b7a5
What is -105030301 (base 7) in base 13?
-1419064
What is -10101110000110 (base 2) in base 10?
-11142
Convert 21ad (base 15) to base 12.
416a
What is 101101100001100111010001 (base 2) in base 9?
24408528
-1134033400 (base 5) to base 13
-716cba
What is -1848322 (base 10) in base 3?
-10110220102101
What is -11211a (base 16) in base 11?
-6a7463
2573875 (base 9) to base 14
288a4d
-1224796 (base 10) to base 7
-13260556
-8365b (base 16) to base 2
-10000011011001011011
What is 1803756 (base 11) in base 4?
23230100212
Convert -320404320 (base 5) to base 9.
-2463713
Convert -c3479 (base 16) to base 3.
-1111122012122
What is 1454333 (base 12) in base 11?
2345731
What is 513003 (base 7) in base 14?
23c3a
-3888168 (base 12) to base 9
-22841438
21121122010111 (base 3) to base 12
143237a
What is -140444 (base 7) in base 9?
-40478
What is 1111022022212 (base 3) in base 6?
25001035
What is -41391 (base 11) in base 14?
-17dd4
Convert 197a3b (base 16) to base 8.
6275073
What is 3322284 (base 9) in base 8?
6640660
-45b31 (base 14) to base 13
-5c25b
What is -11220101112 (base 3) in base 15?
-1d8e2
1263631 (base 11) to base 3
11010001222200
Convert -152142000 (base 6) to base 13.
-87720c
Convert -1001111010110001000000 (base 2) to base 7.
-31046114
Convert -13246745 (base 8) to base 16.
-2d4de5
Convert 38464 (base 11) to base 6.
1103113
Convert -55646125 (base 7) to base 15.
-652aa7
-6730142 (base 8) to base 9
-3365171
Convert 302002 (base 10) to base 9.
510237
-5077a (base 12) to base 5
-11323112
What is -493ca (base 16) in base 7?
-2356400
-231011300 (base 4) to base 10
-184688
What is bbb3 (base 13) in base 14?
9776
Convert -235407 (base 8) to base 3.
-11002121221
What is 2e75fb (base 16) in base 5?
1234413414
13666403 (base 7) to base 5
312401440
-201011001201 (base 3) to base 15
-76a44
Convert 154312522 (base 7) to base 11.
5968931
-622080 (base 14) to base 9
-6203544
-24122132 (base 5) to base 12
-a9361
7cabca (base 14) to base 3
22000012111101
What is -11840233 (base 9) in base 5?
-2442010423
9a53 (base 12) to base 3
212101200
Convert 124203242 (base 5) to base 4.
2112122020
Convert -64510751 (base 8) to base 7.
-225203661
-10463574 (base 8) to base 3
-11020112220000
Convert 5029680 (base 10) to base 5.
2241422210
-240121302 (base 5) to base 9
-2053553
-4454643 (base 7) to base 2
-10000110101001100110
What is 124b449 (base 13) in base 12?
1ab367b
Convert -5de94 (base 15) to base 6.
-10234121
11001121100021 (base 3) to base 10
2157361
What is -1053251315 (base 6) in base 2?
-101100011001101110011111
135aa5 (base 12) to base 8
1163335
Convert -510a5 (base 16) to base 3.
-121212100010
Convert -3041333 (base 8) to base 6.
-25120043
Convert -44110303 (base 7) to base 5.
-1432043001
-24111632 (base 7) to base 13
-59ac2c
Convert -111111103020 (base 4) to base 6.
-315510040
Convert -126e5a (base 15) to base 8.
-3276616
Convert -129468 (base 10) to base 2.
-11111100110111100
What is -3060136 (base 7) in base 13?
-cb31a
Convert 1326441 (base 7) to base 14.
47b91
What is -64a (base 14) in base 9?
-1630
43554454 (base 6) to base 7
14046625
Convert -1c1bd (base 16) to base 4.
-130012331
102221100020 (base 3) to base 15
4995c
Convert -408175 (base 9) to base 7.
-2026025
What is -13134433 (base 5) in base 10?
-130618
What is 4314351 (base 8) in base 13?
314c01
Convert -146486 (base 10) to base 2.
-100011110000110110
Convert -303521412 (base 6) to base 14.
-99c800
612865 (base 10) to base 16
95a01
2423154 (base 6) to base 4
133023232
-1455061 (base 7) to base 14
-52568
233130231 (base 4) to base 12
94579
-3530315 (base 7) to base 2
-1101100011110111000
What is -21011112021 (base 3) in base 9?
-234467
Convert -101120011 (base 4) to base 5.
-4234143
-55031122 (base 8) to base 16
-b43252
Convert 62985 (base 15) to base 7.
2441342
1da19 (base 14) to base 7
434532
-10100110111001000 (base 2) to base 8
-246710
What is -22131203 (base 4) in base 13?
-16673
What is 1103261 (base 12) in base 15?
440191
Convert -1261014 (base 7) to base 8.
-504207
Convert 20401241 (base 5) to base 6.
3342054
-38524b1 (base 13) to base 14
-24a17a6
What is 84aab (base 14) in base 11?
1a9807
Convert -124a1 (base 14) to base 6.
-543313
What is 1b9217 (base 12) in base 15?
9b027
-44b0a (base 14) to base 8
-505626
-638530 (base 11) to base 5
-230142030
25520154 (base 6) to base 11
520133
-536459 (base 11) to base 2
-11010001011001110000
What is 211330012 (base 4) in base 14?
408bc
Convert 6a8ab3 (base 12) to base 15.
23d586
Convert 67730 (base 13) to base 16.
2de3f
-9ba4 (base 13) to base 15
-66b1
Convert 598620 (base 11) to base 7.
11030034
What is -77d11b (base 15) in base 3?
-101202022022022
What is 1551276 (base 8) in base 16?
6d2be
Convert 1186ca (base 13) to base 9.
707202
-1564866 (base 10) to base 8
-5760302
Convert a79758 (base 14) to base 4.
111221011102
65335720 (base 8) to base 3
222100122022222
daa4 (base 16) to base 14
16580
Convert -4451222 (base 6) to base 2.
-110110110011111110
What is -11226200 (base 9) in base 15?
-729ce6
Convert 37377 (base 16) to base 3.
102111020120
What is -5116a (base 11) in base 12?
-372b9
Convert -121342313 (base 5) to base 14.
-10d628
What is 327344 (base 8) in base 9?
177274
Convert 513a60 (base 11) to base 6.
25404113
-22553032 (base 6) to base 14
-142b5a
What is -313000 (base 5) in base 11?
-7882
341320144 (base 5) to base 4
11300310102
Convert 551412130 (base 6) to base 4.
211223130312
5428648 (base 10) to base 11
3078695
What is 1010100010110111001000 (base 2) in base 12?
b13808
What is 31300a8 (base 11) in base 12?
1a22393
Convert -355153 (base 9) to base 12.
-a3826
What is -64 (base 8) in base 5?
-202
What is -1a10c (base 14) in base 15?
-14894
45037 (base 15) to base 14
59d75
What is 2564678 (base 10) in base 9?
4738062
Convert -23123231300 (base 4) to base 6.
-144123252
Convert -24073330 (base 9) to base 11.
-6699556
What is -27607 (base 12) in base 8?
-152247
Convert -417512 (base 8) to base 3.
-21001210012
What is -17722085 (base 9) in base 15?
-bb638b
Convert -7654b (base 12) to base 7.
-1220453
273c9 (base 13) to base 3
10201101010
Convert 11101011101010001 (base 2) to base 13.
42bc4
Convert 1001101011000 (base 2) to base 5.
124302
What is 141133143 (base 6) in base 8?
12716627
What is -157163 (base 11) in base 15?
-4c35d
-11418131 (base 10) to base 9
-23432652
Convert -16b304 (base 13) to base 16.
-8a829
What is 20221102102102 (base 3) in base 8?
16045130
What is -3330021101 (base 4) in base 7?
-11531015
What is 2aa620 (base 13) in base 6?
34310410
What is 42415 (base 11) in base 9?
103604
What is 92467 (base 10) in base 11?
63521
-7d33b0 (base 15) to base 13
-1317069
Convert 6602665 (base 7) to base 10.
807763
64cb32 (base 13) to base 7
26101253
Convert 27545 (base 13) to base 9.
121618
What is 23e91 (base 15) in base 9?
184251
Convert 130132322 (base 4) to base 3.
12221000222
b17e (base 16) to base 7
246321
Convert -81630 (base 10) to base 9.
-133870
Convert -16a78 (base 16) to base 5.
-10432132
7796a (base 11) to base 3
12201222001
10111001000010111 (base 2) to base 13
3417c
a4cc75 (base 13) to base 12
135b352
315294 (base 13) to base 9
2147743
238d0 (base 15) to base 10
113370
3849aa (base 14) to base 13
5291c5
5636829 (base 10) to base 5
2420334304
What is -4310ae (base 16) in base 11?
-2532190
1066276 (base 8) to base 12
11b992
What is -87a021 (base 13) in base 7?
-36063622
Convert 837327 (base 10) to base 16.
cc6cf
Convert 142209b (base 12) to base 8.
17267767
2804972 (base 11) to base 15
65874c
Convert 6b09c0 (base 14) to base 8.
15733574
-221100012202201 (base 3) to base 11
-766926a
What is -301053243 (base 6) in base 2?
-10011011011010101111011
-1013023133 (base 5) to base 6
-112324401
What is -26232547 (base 8) in base 13?
-12990c2
What is -11162550 (base 9) in base 12?
-1991639
What is -134526366 (base 7) in base 3?
-121112221101010
Convert 4124474 (base 12) to base 10.
12241816
What is 928447 (base 10) in base 4?
3202222333
Convert 2265847 (base 10) to base 15.
2eb567
Convert 82a74a (base 11) t